{"id":9426,"date":"2024-04-22T16:18:00","date_gmt":"2024-04-22T16:18:00","guid":{"rendered":"https:\/\/elittesofa.mk\/?post_type=product&#038;p=9426"},"modified":"2024-05-17T12:09:48","modified_gmt":"2024-05-17T12:09:48","slug":"bruk-side-table-%d0%ba%d0%be%d0%bf%d0%b8%d1%80%d0%b0%d1%98","status":"publish","type":"product","link":"https:\/\/elittesofa.mk\/sq\/produkti\/bruk-side-table-%d0%ba%d0%be%d0%bf%d0%b8%d1%80%d0%b0%d1%98\/","title":{"rendered":"BRUK SIDE TABLE (\u041a\u043e\u043f\u0438\u0440\u0430\u0458)"},"content":{"rendered":"<p>Mund t\u00eb p\u00ebrdoret si nj\u00eb tavolin\u00eb klubi ndihm\u00ebse.<\/p>\n","protected":false},"excerpt":{"rendered":"<p>Tavolin\u00eb e vog\u00ebl klubi n\u00eb ngjyr\u00eb gri t\u00eb err\u00ebt ose t\u00eb bardh\u00eb mediapan dhe k\u00ebmb\u00eb druri.<\/p>\n","protected":false},"featured_media":9437,"template":"","meta":[],"product_brand":[],"product_cat":[123,125],"product_tag":[],"class_list":["post-9426","product","type-product","status-publish","has-post-thumbnail","product_cat-tavolina","product_cat-tavolina-kafeje","first","instock","sale","shipping-taxable","purchasable","product-type-simple"],"yoast_head":"<!-- This site is optimized with the Yoast SEO plugin v28.4 - https:\/\/yoast.com\/product\/yoast-seo-wordpress\/ -->\n<title>BRUK SIDE TABLE (\u041a\u043e\u043f\u0438\u0440\u0430\u0458) - Elitte Sofa<\/title>\n<meta name=\"robots\" content=\"index, follow, max-snippet:-1, max-image-preview:large, max-video-preview:-1\" \/>\n<link rel=\"canonical\" href=\"https:\/\/elittesofa.mk\/sq\/produkti\/bruk-side-table-%d0%ba%d0%be%d0%bf%d0%b8%d1%80%d0%b0%d1%98\/\" \/>\n<meta property=\"og:locale\" content=\"sq_AL\" \/>\n<meta property=\"og:type\" content=\"article\" \/>\n<meta property=\"og:title\" content=\"BRUK SIDE TABLE (\u041a\u043e\u043f\u0438\u0440\u0430\u0458) - Elitte Sofa\" \/>\n<meta property=\"og:description\" content=\"Tavolin\u00eb e vog\u00ebl klubi n\u00eb ngjyr\u00eb gri t\u00eb err\u00ebt ose t\u00eb bardh\u00eb mediapan dhe k\u00ebmb\u00eb druri.\" \/>\n<meta property=\"og:url\" content=\"https:\/\/elittesofa.mk\/sq\/produkti\/bruk-side-table-%d0%ba%d0%be%d0%bf%d0%b8%d1%80%d0%b0%d1%98\/\" \/>\n<meta property=\"og:site_name\" content=\"Elitte Sofa\" \/>\n<meta property=\"article:publisher\" content=\"https:\/\/www.facebook.com\/elittesofa\" \/>\n<meta property=\"article:modified_time\" content=\"2024-05-17T12:09:48+00:00\" \/>\n<meta property=\"og:image\" content=\"https:\/\/elittesofa.mk\/wp-content\/uploads\/2024\/04\/bruckbela-4.jpg\" \/>\n\t<meta property=\"og:image:width\" content=\"883\" \/>\n\t<meta property=\"og:image:height\" content=\"883\" \/>\n\t<meta property=\"og:image:type\" content=\"image\/jpeg\" \/>\n<meta name=\"twitter:card\" content=\"summary_large_image\" \/>\n<script type=\"application\/ld+json\" class=\"yoast-schema-graph\">{\"@context\":\"https:\\\/\\\/schema.org\",\"@graph\":[{\"@type\":\"WebPage\",\"@id\":\"https:\\\/\\\/elittesofa.mk\\\/sq\\\/produkti\\\/bruk-side-table-%d0%ba%d0%be%d0%bf%d0%b8%d1%80%d0%b0%d1%98\\\/\",\"url\":\"https:\\\/\\\/elittesofa.mk\\\/sq\\\/produkti\\\/bruk-side-table-%d0%ba%d0%be%d0%bf%d0%b8%d1%80%d0%b0%d1%98\\\/\",\"name\":\"BRUK SIDE TABLE (\u041a\u043e\u043f\u0438\u0440\u0430\u0458) - Elitte Sofa\",\"isPartOf\":{\"@id\":\"https:\\\/\\\/elittesofa.mk\\\/sq\\\/#website\"},\"primaryImageOfPage\":{\"@id\":\"https:\\\/\\\/elittesofa.mk\\\/sq\\\/produkti\\\/bruk-side-table-%d0%ba%d0%be%d0%bf%d0%b8%d1%80%d0%b0%d1%98\\\/#primaryimage\"},\"image\":{\"@id\":\"https:\\\/\\\/elittesofa.mk\\\/sq\\\/produkti\\\/bruk-side-table-%d0%ba%d0%be%d0%bf%d0%b8%d1%80%d0%b0%d1%98\\\/#primaryimage\"},\"thumbnailUrl\":\"https:\\\/\\\/elittesofa.mk\\\/wp-content\\\/uploads\\\/2024\\\/04\\\/bruckbela-4.jpg\",\"datePublished\":\"2024-04-22T16:18:00+00:00\",\"dateModified\":\"2024-05-17T12:09:48+00:00\",\"breadcrumb\":{\"@id\":\"https:\\\/\\\/elittesofa.mk\\\/sq\\\/produkti\\\/bruk-side-table-%d0%ba%d0%be%d0%bf%d0%b8%d1%80%d0%b0%d1%98\\\/#breadcrumb\"},\"inLanguage\":\"sq-AL\",\"potentialAction\":[{\"@type\":\"ReadAction\",\"target\":[\"https:\\\/\\\/elittesofa.mk\\\/sq\\\/produkti\\\/bruk-side-table-%d0%ba%d0%be%d0%bf%d0%b8%d1%80%d0%b0%d1%98\\\/\"]}]},{\"@type\":\"ImageObject\",\"inLanguage\":\"sq-AL\",\"@id\":\"https:\\\/\\\/elittesofa.mk\\\/sq\\\/produkti\\\/bruk-side-table-%d0%ba%d0%be%d0%bf%d0%b8%d1%80%d0%b0%d1%98\\\/#primaryimage\",\"url\":\"https:\\\/\\\/elittesofa.mk\\\/wp-content\\\/uploads\\\/2024\\\/04\\\/bruckbela-4.jpg\",\"contentUrl\":\"https:\\\/\\\/elittesofa.mk\\\/wp-content\\\/uploads\\\/2024\\\/04\\\/bruckbela-4.jpg\",\"width\":883,\"height\":883},{\"@type\":\"BreadcrumbList\",\"@id\":\"https:\\\/\\\/elittesofa.mk\\\/sq\\\/produkti\\\/bruk-side-table-%d0%ba%d0%be%d0%bf%d0%b8%d1%80%d0%b0%d1%98\\\/#breadcrumb\",\"itemListElement\":[{\"@type\":\"ListItem\",\"position\":1,\"name\":\"Home\",\"item\":\"https:\\\/\\\/elittesofa.mk\\\/sq\\\/\"},{\"@type\":\"ListItem\",\"position\":2,\"name\":\"Shop\",\"item\":\"https:\\\/\\\/elittesofa.mk\\\/sq\\\/shop-2\\\/\"},{\"@type\":\"ListItem\",\"position\":3,\"name\":\"BRUK SIDE TABLE (\u041a\u043e\u043f\u0438\u0440\u0430\u0458)\"}]},{\"@type\":\"WebSite\",\"@id\":\"https:\\\/\\\/elittesofa.mk\\\/sq\\\/#website\",\"url\":\"https:\\\/\\\/elittesofa.mk\\\/sq\\\/\",\"name\":\"Elitte Sofa\",\"description\":\"Per Tutta La Vita\",\"publisher\":{\"@id\":\"https:\\\/\\\/elittesofa.mk\\\/sq\\\/#organization\"},\"potentialAction\":[{\"@type\":\"SearchAction\",\"target\":{\"@type\":\"EntryPoint\",\"urlTemplate\":\"https:\\\/\\\/elittesofa.mk\\\/sq\\\/?s={search_term_string}\"},\"query-input\":{\"@type\":\"PropertyValueSpecification\",\"valueRequired\":true,\"valueName\":\"search_term_string\"}}],\"inLanguage\":\"sq-AL\"},{\"@type\":\"Organization\",\"@id\":\"https:\\\/\\\/elittesofa.mk\\\/sq\\\/#organization\",\"name\":\"Elitte Sofa\",\"url\":\"https:\\\/\\\/elittesofa.mk\\\/sq\\\/\",\"logo\":{\"@type\":\"ImageObject\",\"inLanguage\":\"sq-AL\",\"@id\":\"https:\\\/\\\/elittesofa.mk\\\/sq\\\/#\\\/schema\\\/logo\\\/image\\\/\",\"url\":\"https:\\\/\\\/elittesofa.mk\\\/wp-content\\\/uploads\\\/2024\\\/05\\\/ElitteSOFA-logo.png\",\"contentUrl\":\"https:\\\/\\\/elittesofa.mk\\\/wp-content\\\/uploads\\\/2024\\\/05\\\/ElitteSOFA-logo.png\",\"width\":1340,\"height\":417,\"caption\":\"Elitte Sofa\"},\"image\":{\"@id\":\"https:\\\/\\\/elittesofa.mk\\\/sq\\\/#\\\/schema\\\/logo\\\/image\\\/\"},\"sameAs\":[\"https:\\\/\\\/www.facebook.com\\\/elittesofa\",\"https:\\\/\\\/www.instagram.com\\\/elitte_sofa\\\/\"]}]}<\/script>\n<!-- \/ Yoast SEO plugin. -->","yoast_head_json":{"title":"BRUK SIDE TABLE (\u041a\u043e\u043f\u0438\u0440\u0430\u0458) - Elitte Sofa","robots":{"index":"index","follow":"follow","max-snippet":"max-snippet:-1","max-image-preview":"max-image-preview:large","max-video-preview":"max-video-preview:-1"},"canonical":"https:\/\/elittesofa.mk\/sq\/produkti\/bruk-side-table-%d0%ba%d0%be%d0%bf%d0%b8%d1%80%d0%b0%d1%98\/","og_locale":"sq_AL","og_type":"article","og_title":"BRUK SIDE TABLE (\u041a\u043e\u043f\u0438\u0440\u0430\u0458) - Elitte Sofa","og_description":"Tavolin\u00eb e vog\u00ebl klubi n\u00eb ngjyr\u00eb gri t\u00eb err\u00ebt ose t\u00eb bardh\u00eb mediapan dhe k\u00ebmb\u00eb druri.","og_url":"https:\/\/elittesofa.mk\/sq\/produkti\/bruk-side-table-%d0%ba%d0%be%d0%bf%d0%b8%d1%80%d0%b0%d1%98\/","og_site_name":"Elitte Sofa","article_publisher":"https:\/\/www.facebook.com\/elittesofa","article_modified_time":"2024-05-17T12:09:48+00:00","og_image":[{"width":883,"height":883,"url":"https:\/\/elittesofa.mk\/wp-content\/uploads\/2024\/04\/bruckbela-4.jpg","type":"image\/jpeg"}],"twitter_card":"summary_large_image","schema":{"@context":"https:\/\/schema.org","@graph":[{"@type":"WebPage","@id":"https:\/\/elittesofa.mk\/sq\/produkti\/bruk-side-table-%d0%ba%d0%be%d0%bf%d0%b8%d1%80%d0%b0%d1%98\/","url":"https:\/\/elittesofa.mk\/sq\/produkti\/bruk-side-table-%d0%ba%d0%be%d0%bf%d0%b8%d1%80%d0%b0%d1%98\/","name":"BRUK SIDE TABLE (\u041a\u043e\u043f\u0438\u0440\u0430\u0458) - Elitte Sofa","isPartOf":{"@id":"https:\/\/elittesofa.mk\/sq\/#website"},"primaryImageOfPage":{"@id":"https:\/\/elittesofa.mk\/sq\/produkti\/bruk-side-table-%d0%ba%d0%be%d0%bf%d0%b8%d1%80%d0%b0%d1%98\/#primaryimage"},"image":{"@id":"https:\/\/elittesofa.mk\/sq\/produkti\/bruk-side-table-%d0%ba%d0%be%d0%bf%d0%b8%d1%80%d0%b0%d1%98\/#primaryimage"},"thumbnailUrl":"https:\/\/elittesofa.mk\/wp-content\/uploads\/2024\/04\/bruckbela-4.jpg","datePublished":"2024-04-22T16:18:00+00:00","dateModified":"2024-05-17T12:09:48+00:00","breadcrumb":{"@id":"https:\/\/elittesofa.mk\/sq\/produkti\/bruk-side-table-%d0%ba%d0%be%d0%bf%d0%b8%d1%80%d0%b0%d1%98\/#breadcrumb"},"inLanguage":"sq-AL","potentialAction":[{"@type":"ReadAction","target":["https:\/\/elittesofa.mk\/sq\/produkti\/bruk-side-table-%d0%ba%d0%be%d0%bf%d0%b8%d1%80%d0%b0%d1%98\/"]}]},{"@type":"ImageObject","inLanguage":"sq-AL","@id":"https:\/\/elittesofa.mk\/sq\/produkti\/bruk-side-table-%d0%ba%d0%be%d0%bf%d0%b8%d1%80%d0%b0%d1%98\/#primaryimage","url":"https:\/\/elittesofa.mk\/wp-content\/uploads\/2024\/04\/bruckbela-4.jpg","contentUrl":"https:\/\/elittesofa.mk\/wp-content\/uploads\/2024\/04\/bruckbela-4.jpg","width":883,"height":883},{"@type":"BreadcrumbList","@id":"https:\/\/elittesofa.mk\/sq\/produkti\/bruk-side-table-%d0%ba%d0%be%d0%bf%d0%b8%d1%80%d0%b0%d1%98\/#breadcrumb","itemListElement":[{"@type":"ListItem","position":1,"name":"Home","item":"https:\/\/elittesofa.mk\/sq\/"},{"@type":"ListItem","position":2,"name":"Shop","item":"https:\/\/elittesofa.mk\/sq\/shop-2\/"},{"@type":"ListItem","position":3,"name":"BRUK SIDE TABLE (\u041a\u043e\u043f\u0438\u0440\u0430\u0458)"}]},{"@type":"WebSite","@id":"https:\/\/elittesofa.mk\/sq\/#website","url":"https:\/\/elittesofa.mk\/sq\/","name":"Elitte Sofa","description":"Per Tutta La Vita","publisher":{"@id":"https:\/\/elittesofa.mk\/sq\/#organization"},"potentialAction":[{"@type":"SearchAction","target":{"@type":"EntryPoint","urlTemplate":"https:\/\/elittesofa.mk\/sq\/?s={search_term_string}"},"query-input":{"@type":"PropertyValueSpecification","valueRequired":true,"valueName":"search_term_string"}}],"inLanguage":"sq-AL"},{"@type":"Organization","@id":"https:\/\/elittesofa.mk\/sq\/#organization","name":"Elitte Sofa","url":"https:\/\/elittesofa.mk\/sq\/","logo":{"@type":"ImageObject","inLanguage":"sq-AL","@id":"https:\/\/elittesofa.mk\/sq\/#\/schema\/logo\/image\/","url":"https:\/\/elittesofa.mk\/wp-content\/uploads\/2024\/05\/ElitteSOFA-logo.png","contentUrl":"https:\/\/elittesofa.mk\/wp-content\/uploads\/2024\/05\/ElitteSOFA-logo.png","width":1340,"height":417,"caption":"Elitte Sofa"},"image":{"@id":"https:\/\/elittesofa.mk\/sq\/#\/schema\/logo\/image\/"},"sameAs":["https:\/\/www.facebook.com\/elittesofa","https:\/\/www.instagram.com\/elitte_sofa\/"]}]}},"_links":{"self":[{"href":"https:\/\/elittesofa.mk\/sq\/wp-json\/wp\/v2\/product\/9426","targetHints":{"allow":["GET"]}}],"collection":[{"href":"https:\/\/elittesofa.mk\/sq\/wp-json\/wp\/v2\/product"}],"about":[{"href":"https:\/\/elittesofa.mk\/sq\/wp-json\/wp\/v2\/types\/product"}],"wp:featuredmedia":[{"embeddable":true,"href":"https:\/\/elittesofa.mk\/sq\/wp-json\/wp\/v2\/media\/9437"}],"wp:attachment":[{"href":"https:\/\/elittesofa.mk\/sq\/wp-json\/wp\/v2\/media?parent=9426"}],"wp:term":[{"taxonomy":"product_brand","embeddable":true,"href":"https:\/\/elittesofa.mk\/sq\/wp-json\/wp\/v2\/product_brand?post=9426"},{"taxonomy":"product_cat","embeddable":true,"href":"https:\/\/elittesofa.mk\/sq\/wp-json\/wp\/v2\/product_cat?post=9426"},{"taxonomy":"product_tag","embeddable":true,"href":"https:\/\/elittesofa.mk\/sq\/wp-json\/wp\/v2\/product_tag?post=9426"}],"curies":[{"name":"wp","href":"https:\/\/api.w.org\/{rel}","templated":true}]}}

BRUK SIDE TABLE (Копирај)

<p>Mund të përdoret si një tavolinë klubi ndihmëse.</p>

<p>Tavolinë e vogël klubi në ngjyrë gri të errët ose të bardhë mediapan dhe këmbë druri.</p>

<!-- This site is optimized with the Yoast SEO plugin v28.4 - https://yoast.com/product/yoast-seo-wordpress/ -->
<title>BRUK SIDE TABLE (Копирај) - Elitte Sofa</title>
<meta name="robots" content="index, follow, max-snippet:-1, max-image-preview:large, max-video-preview:-1" />
<link rel="canonical" href="https://elittesofa.mk/sq/produkti/bruk-side-table-%d0%ba%d0%be%d0%bf%d0%b8%d1%80%d0%b0%d1%98/" />
<meta property="og:locale" content="sq_AL" />
<meta property="og:type" content="article" />
<meta property="og:title" content="BRUK SIDE TABLE (Копирај) - Elitte Sofa" />
<meta property="og:description" content="Tavolinë e vogël klubi në ngjyrë gri të errët ose të bardhë mediapan dhe këmbë druri." />
<meta property="og:url" content="https://elittesofa.mk/sq/produkti/bruk-side-table-%d0%ba%d0%be%d0%bf%d0%b8%d1%80%d0%b0%d1%98/" />
<meta property="og:site_name" content="Elitte Sofa" />
<meta property="article:publisher" content="https://www.facebook.com/elittesofa" />
<meta property="article:modified_time" content="2024-05-17T12:09:48+00:00" />
<meta property="og:image" content="https://elittesofa.mk/wp-content/uploads/2024/04/bruckbela-4.jpg" />
	<meta property="og:image:width" content="883" />
	<meta property="og:image:height" content="883" />
	<meta property="og:image:type" content="image/jpeg" />
<meta name="twitter:card" content="summary_large_image" />
<script type="application/ld+json" class="yoast-schema-graph">{"@context":"https:\/\/schema.org","@graph":[{"@type":"WebPage","@id":"https:\/\/elittesofa.mk\/sq\/produkti\/bruk-side-table-%d0%ba%d0%be%d0%bf%d0%b8%d1%80%d0%b0%d1%98\/","url":"https:\/\/elittesofa.mk\/sq\/produkti\/bruk-side-table-%d0%ba%d0%be%d0%bf%d0%b8%d1%80%d0%b0%d1%98\/","name":"BRUK SIDE TABLE (Копирај) - Elitte Sofa","isPartOf":{"@id":"https:\/\/elittesofa.mk\/sq\/#website"},"primaryImageOfPage":{"@id":"https:\/\/elittesofa.mk\/sq\/produkti\/bruk-side-table-%d0%ba%d0%be%d0%bf%d0%b8%d1%80%d0%b0%d1%98\/#primaryimage"},"image":{"@id":"https:\/\/elittesofa.mk\/sq\/produkti\/bruk-side-table-%d0%ba%d0%be%d0%bf%d0%b8%d1%80%d0%b0%d1%98\/#primaryimage"},"thumbnailUrl":"https:\/\/elittesofa.mk\/wp-content\/uploads\/2024\/04\/bruckbela-4.jpg","datePublished":"2024-04-22T16:18:00+00:00","dateModified":"2024-05-17T12:09:48+00:00","breadcrumb":{"@id":"https:\/\/elittesofa.mk\/sq\/produkti\/bruk-side-table-%d0%ba%d0%be%d0%bf%d0%b8%d1%80%d0%b0%d1%98\/#breadcrumb"},"inLanguage":"sq-AL","potentialAction":[{"@type":"ReadAction","target":["https:\/\/elittesofa.mk\/sq\/produkti\/bruk-side-table-%d0%ba%d0%be%d0%bf%d0%b8%d1%80%d0%b0%d1%98\/"]}]},{"@type":"ImageObject","inLanguage":"sq-AL","@id":"https:\/\/elittesofa.mk\/sq\/produkti\/bruk-side-table-%d0%ba%d0%be%d0%bf%d0%b8%d1%80%d0%b0%d1%98\/#primaryimage","url":"https:\/\/elittesofa.mk\/wp-content\/uploads\/2024\/04\/bruckbela-4.jpg","contentUrl":"https:\/\/elittesofa.mk\/wp-content\/uploads\/2024\/04\/bruckbela-4.jpg","width":883,"height":883},{"@type":"BreadcrumbList","@id":"https:\/\/elittesofa.mk\/sq\/produkti\/bruk-side-table-%d0%ba%d0%be%d0%bf%d0%b8%d1%80%d0%b0%d1%98\/#breadcrumb","itemListElement":[{"@type":"ListItem","position":1,"name":"Home","item":"https:\/\/elittesofa.mk\/sq\/"},{"@type":"ListItem","position":2,"name":"Shop","item":"https:\/\/elittesofa.mk\/sq\/shop-2\/"},{"@type":"ListItem","position":3,"name":"BRUK SIDE TABLE (Копирај)"}]},{"@type":"WebSite","@id":"https:\/\/elittesofa.mk\/sq\/#website","url":"https:\/\/elittesofa.mk\/sq\/","name":"Elitte Sofa","description":"Per Tutta La Vita","publisher":{"@id":"https:\/\/elittesofa.mk\/sq\/#organization"},"potentialAction":[{"@type":"SearchAction","target":{"@type":"EntryPoint","urlTemplate":"https:\/\/elittesofa.mk\/sq\/?s={search_term_string}"},"query-input":{"@type":"PropertyValueSpecification","valueRequired":true,"valueName":"search_term_string"}}],"inLanguage":"sq-AL"},{"@type":"Organization","@id":"https:\/\/elittesofa.mk\/sq\/#organization","name":"Elitte Sofa","url":"https:\/\/elittesofa.mk\/sq\/","logo":{"@type":"ImageObject","inLanguage":"sq-AL","@id":"https:\/\/elittesofa.mk\/sq\/#\/schema\/logo\/image\/","url":"https:\/\/elittesofa.mk\/wp-content\/uploads\/2024\/05\/ElitteSOFA-logo.png","contentUrl":"https:\/\/elittesofa.mk\/wp-content\/uploads\/2024\/05\/ElitteSOFA-logo.png","width":1340,"height":417,"caption":"Elitte Sofa"},"image":{"@id":"https:\/\/elittesofa.mk\/sq\/#\/schema\/logo\/image\/"},"sameAs":["https:\/\/www.facebook.com\/elittesofa","https:\/\/www.instagram.com\/elitte_sofa\/"]}]}</script>
<!-- / Yoast SEO plugin. -->

BRUK SIDE TABLE (Копирај) - Elitte Sofa

Tavolinë e vogël klubi në ngjyrë gri të errët ose të bardhë mediapan dhe këmbë druri.
